vided by 14?
2
Calculate the remainder when 37369 is divided by 128.
121
What is the remainder when 8196 is divided by 19?
7
Calculate the remainder when 50461 is divided by 166.
163
What is the remainder when 22839 is divided by 7366?
741
Calculate the remainder when 6305 is divided by 1697.
1214
What is the remainder when 13122 is divided by 690?
12
Calculate the remainder when 2647 is divided by 156.
151
Calculate the remainder when 127573 is divided by 95.
83
What is the remainder when 14008 is divided by 59?
25
What is the remainder when 32660 is divided by 16?
4
Calculate the remainder when 4269 is divided by 1059.
33
What is the remainder when 44070 is divided by 198?
114
What is the remainder when 682 is divided by 38?
36
What is the remainder when 60203 is divided by 237?
5
What is the remainder when 13912 is divided by 925?
37
Calculate the remainder when 46301 is divided by 11307.
1073
Calculate the remainder when 30221 is divided by 31.
27
What is the remainder when 216321 is divided by 416?
1
What is the remainder when 63674 is divided by 86?
34
What is the remainder when 6352 is divided by 1580?
32
Calculate the remainder when 1811036 is divided by 168.
164
What is the remainder when 88847 is divided by 24?
23
Calculate the remainder when 1147182 is divided by 37.
34
Calculate the remainder when 10859 is divided by 3617.
8
What is the remainder when 9799 is divided by 625?
424
What is the remainder when 255200 is divided by 1251?
1247
Calculate the remainder when 4457 is divided by 154.
145
What is the remainder when 10940 is divided by 309?
125
Calculate the remainder when 367469 is divided by 183733.
3
Calculate the remainder when 30972 is divided by 10297.
81
What is the remainder when 26498 is divided by 92?
2
Calculate the remainder when 1714604 is divided by 162.
158
Calculate the remainder when 15375 is divided by 663.
126
What is the remainder when 6321 is divided by 574?
7
Calculate the remainder when 5650 is divided by 2747.
156
What is the remainder when 1762 is divided by 95?
52
What is the remainder when 216855 is divided by 1261?
1224
What is the remainder when 23579 is divided by 2947?
3
What is the remainder when 282446 is divided by 42?
38
Calculate the remainder when 12120 is divided by 1210.
20
What is the remainder when 3319451 is divided by 38?
37
Calculate the remainder when 15163 is divided by 17.
16
Calculate the remainder when 7696 is divided by 3838.
20
What is the remainder when 32103 is divided by 236?
7
Calculate the remainder when 4201 is divided by 465.
16
Calculate the remainder when 712893 is divided by 5.
3
Calculate the remainder when 8310403 is divided by 23.
20
What is the remainder when 520190 is divided by 127?
125
Calculate the remainder when 11955 is divided by 100.
55
What is the remainder when 31714 is divided by 244?
238
Calculate the remainder when 110427 is divided by 9.
6
What is the remainder when 3500 is divided by 192?
44
Calculate the remainder when 6322 is divided by 1409.
686
What is the remainder when 31618 is divided by 51?
49
Calculate the remainder when 25764 is divided by 1033.
972
What is the remainder when 4627 is divided by 210?
7
Calculate the remainder when 221136 is divided by 24568.
24
Calculate the remainder when 755019 is divided by 251671.
6
Calculate the remainder when 3731038 is divided by 697.
694
Calculate the remainder when 17506 is divided by 11.
5
What is the remainder when 81573 is divided by 20?
13
What is the remainder when 10777 is divided by 5383?
11
What is the remainder when 958604 is divided by 18?
14
Calculate the remainder when 12087 is divided by 205.
197
Calculate the remainder when 13750 is divided by 2732.
90
What is the remainder when 73428 is divided by 12238?
0
What is the remainder when 1456 is divided by 316?
192
Calculate the remainder when 13109 is divided by 2612.
49
What is the remainder when 187441 is divided by 6?
1
What is the remainder when 5771 is divided by 50?
21
Calculate the remainder when 27681 is divided by 29.
15
Calculate the remainder when 209300 is divided by 311.
308
What is the remainder when 89724 is divided by 4078?
8
Calculate the remainder when 510 is divided by 250.
10
Calculate the remainder when 112808 is divided by 7.
3
Calculate the remainder when 10819 is divided by 27.
19
Calculate the remainder when 4528 is divided by 2261.
6
Calculate the remainder when 91647 is divided by 333.
72
What is the remainder when 1345 is divided by 346?
307
What is the remainder when 252801 is divided by 36114?
3
Calculate the remainder when 5895 is divided by 930.
315
Calculate the remainder when 1993165 is divided by 16.
13
What is the remainder when 3731 is divided by 3205?
526
Calculate the remainder when 32513 is divided by 16236.
41
What is the remainder when 3775133 is divided by 94?
93
What is the remainder when 9194 is divided by 200?
194
What is the remainder when 1406814 is divided by 1083?
1080
Calculate the remainder when 571264 is divided by 18.
16
Calculate the remainder when 47490 is divided by 572.
14
What is the remainder when 30048 is divided by 190?
28
What is the remainder when 9222 is divided by 3020?
162
Calculate the remainder when 203763 is divided by 45.
3
What is the remainder when 213577 is divided by 15251?
63
What is the remainder when 1445 is divided by 163?
141
What is the remainder when 1273 is divided by 25?
23
Calculate the remainder when 13378 is divided by 69.
61
What is the remainder when 9125 is divided by 678?
311
Calculate the remainder when 14174 is divided by 4721.
11
What is the remainder when 776979 is divided by 70632?
27
What is the remainder when 18535 is divided by 111?
109
Calculate the remainder when 237877 is divided by 76.
73
Calculate the remainder when 1345676 is divided by 1421.
1410
Calculate the remainder when 1943 is divided by 1317.
626
Calculate the remainder when 5493 is divided by 1138.
941
What is the remainder when 20013 is divided by 3329?
39
What is the remainder when 7292 is divided by 365?
357
Calculate the remainder when 1163580 is divided by 14.
12
Calculate the remainder when 406 is divided by 236.
170
What is the remainder when 440816 is divided by 279?
275
What is the remainder when 1468 is divided by 175?
68
Calculate the remainder when 1142 is divided by 110.
42
What is the remainder when 3208 is divided by 573?
343
Calculate the remainder when 3427 is divided by 695.
647
Calculate the remainder when 24009 is divided by 69.
66
What is the remainder when 51203 is divided by 16937?
392
What is the remainder when 246332 is divided by 2415?
2
Calculate the remainder when 6105 is divided by 1939.
288
Calculate the remainder when 8300 is divided by 738.
182
Calculate the remainder when 39116 is divided by 31.
25
What is the remainder when 12100 is divided by 881?
647
What is the remainder when 2333 is divided by 294?
275
What is the remainder when 2069 is divided by 409?
24
What is the remainder when 146910 is divided by 42?
36
Calculate the remainder when 745081 is divided by 1749.
7
Calculate the remainder when 10074 is divided by 788.
618
Calculate the remainder when 1056 is divided by 21.
6
What is the remainder when 1155 is divided by 533?
89
Calculate the remainder when 96895 is divided by 96895.
0
Calculate the remainder when 814181 is divided by 814179.
2
What is the remainder when 1546 is divided by 420?
286
What is the remainder when 16890 is divided by 103?
101
What is the remainder when 1176931 is divided by 851?
849
Calculate the remainder when 1512 is divided by 1261.
251
What is the remainder when 1085 is divided by 399?
287
Calculate the remainder when 189978 is divided by 1284.
1230
Calculate the remainder when 1074 is divided by 113.
57
What is the remainder when 41885 is divided by 13953?
26
Calculate the remainder when 2825 is divided by 107.
43
Calculate the remainder when 268758 is divided by 105.
63
Calculate the remainder when 221432 is divided by 110706.
20
Calculate the remainder when 93194 is divided by 181.
160
Calculate the remainder when 1640839 is divided by 40.
39
What is the remainder when 7373 is divided by 56?
37
Calculate the remainder when 688 is divided by 663.
25
Calculate the remainder when 9310 is divided by 1600